= -4*x - 16. What is the greatest common factor of l and 16?
8
Let z(c) = 5*c + 2. Let u be z(-3). Let l = u + 43. Calculate the greatest common divisor of l and 12.
6
Let r be 32*11/(154/35). Calculate the greatest common factor of 680 and r.
40
Let u(k) = -82*k - 4. Let o be u(-14). Suppose -5*l - 17*l + o = 0. Calculate the highest common divisor of l and 52.
52
Let u be 3/(-12) + (-45)/(-4) - -1. Calculate the greatest common factor of 12 and u.
12
Let m = -70 - -28. Let c be (560/m)/(2/(-9)). What is the greatest common divisor of 24 and c?
12
Suppose 74*m + 70 = 88*m. Let k(f) = -f**2 + 2*f + 2. Let h be k(4). Let d = h - -8. What is the greatest common divisor of m and d?
1
Let v be (7 + -1)*(6 + (-5 - -2)). Calculate the greatest common factor of 36 and v.
18
Let o = 5 - 5. Suppose -3*s + 1 + 2 = o. Calculate the greatest common factor of 5 and s.
1
Suppose -5*a = 4*v - 35, 2*a + 23 = 5*v + 4. Let r be (-24)/(-20)*10*1. Let j = r - a. Calculate the greatest common divisor of j and 63.
9
Let p(i) = 9*i + 52. Let y(l) = 5*l + 26. Let k(o) = 6*p(o) - 11*y(o). Let w be k(0). Calculate the greatest common factor of 2 and w.
2
Suppose 2*d = -37 + 125. Let h be (10/(-15))/(20/(-330)). What is the highest common factor of h and d?
11
Let y be (99/(-6))/(4/(-8)). What is the highest common divisor of y and 374?
11
Let o = 23 + -8. Suppose 4*u - u = -m + 18, 5*m = o. Suppose -s + 3*s + 138 = u*x, 4*x = 4*s + 120. Calculate the greatest common divisor of 65 and x.
13
Let r be 4807/33 - 8/(-6). Suppose -4*d - r = -7*d. What is the greatest common factor of d and 539?
49
Let w be 4300/55 + (-6)/33. What is the greatest common divisor of 6 and w?
6
Suppose -141*o - 660 = -147*o. What is the greatest common divisor of 418 and o?
22
Let n = 115 + -102. What is the greatest common divisor of 637 and n?
13
Let s be (-52)/(-13) - 1*7. Let n(z) = z**3 + 2*z**2 - 3*z + 3. Let i be n(s). What is the highest common factor of 12 and i?
3
Suppose 0*t - 18 = -t. Let z be (-2)/9 - (-58)/t. Suppose -5*x + 0*x + 181 = -4*a, -x - 5*a + 13 = 0. Calculate the greatest common factor of z and x.
3
Let b(g) = g**2 - 21*g + 129. Let i be b(12). What is the greatest common factor of i and 21?
21
Let s(j) = -j**3 - 3*j**2 - 8*j + 16. Let c be s(-7). What is the greatest common factor of c and 737?
67
Let a(y) = -12*y + 28. Let v be a(-1). What is the highest common divisor of v and 1940?
20
Suppose 148*g - 69*g = 15405. Calculate the highest common factor of 315 and g.
15
Let v = 2387 - 2375. What is the highest common divisor of v and 36?
12
Suppose 0 = 6*m + 148 - 718. What is the highest common divisor of m and 20?
5
Let n(c) = c**2 - 11*c + 26. Let j be n(8). Suppose t - 99 = -2*h - j*t, 5*t + 91 = 2*h. Calculate the highest common factor of 12 and h.
12
Let i(s) = 130*s + 78. Let a be i(0). Let x be (-2)/(-5) + (-384)/(-15). Calculate the greatest common factor of a and x.
26
Let n(z) = 3*z - 12. Let g be n(9). Let w = -5 + g. What is the greatest common factor of 10 and w?
10
Suppose 103 = 8*w - 9. Calculate the highest common factor of 49 and w.
7
Suppose 5*f = 7*f + 112. Let q = 146 + f. Let y be (-20)/q + 137/9. What is the greatest common divisor of y and 6?
3
Let m be 52 - (-6)/((-24)/28). What is the greatest common factor of m and 10?
5
Let v(f) be the second derivative of f**5/20 - f**4 + 17*f**3/6 - 6*f**2 + 10*f. Let a be v(11). What is the highest common factor of a and 18?
18
Let v(n) = -11 - 25 + 16 + 6*n. Let z(a) = 3*a**2 + 2. Let u be z(-2). Let x be v(u). What is the highest common factor of x and 16?
16
Suppose 0*n - 3*n = -24. Let l(h) = h**3 - 12*h**2 + 14*h + 7. Let o be l(11). What is the highest common factor of n and o?
8
Let x = -30 - -39. Let p = x + 61. What is the greatest common divisor of p and 28?
14
Let i(a) = 0*a**2 - 23*a - 12*a + 5*a**2 - 3*a**2 + 17. Let c be i(20). Calculate the greatest common divisor of 13 and c.
13
Let g(o) = o**2 - o - 2. Let u be g(3). Suppose -t = t + 4*c - 20, 5*c = u*t - 40. What is the greatest common factor of 25 and t?
5
Let m be 365 - -2 - (-10)/1. What is the greatest common factor of 29 and m?
29
Suppose -z = 3*c + 99 - 384, -3*z + 845 = 4*c. Calculate the highest common factor of 9 and z.
9
Suppose 3*v - t = 2*t + 24, 2*t + 25 = 5*v. Suppose -p = 4*j - v, 0 = -3*p + 5 - 8. Calculate the greatest common divisor of j and 2.
1
Suppose -8*l + 5696 - 896 = 0. What is the highest common factor of 12 and l?
12
Suppose -7*j + 2*j + 1041 = -t, -8 = -2*t. Suppose 57 = -16*p + 19*p. Calculate the greatest common divisor of j and p.
19
Let w(s) = 6 - 7 - 11 - s - 4 + s**2. Let z be w(5). Suppose 0 = 4*b - 4, 433 = z*u - b + 2*b. Calculate the highest common factor of u and 12.
12
Suppose 816 = 12*z - 84. What is the greatest common divisor of z and 375?
75
Let u = 297 + -174. Suppose 4*b - 20 = 0, -2*s = -2*b + b - u. Calculate the greatest common divisor of s and 8.
8
Suppose -8 = -12*d + 10*d. Let n(i) = 16*i + 2. Let m be n(4). Suppose 4*w = m + 14. Calculate the highest common factor of w and d.
4
Let m(g) = g**3 + 2*g**2 + 13*g - 59. Let s be m(3). Let d = -5 + 15. What is the highest common divisor of s and d?
5
Let g be ((-4)/5 - -1) + 14196/1820. Let v(x) = 2*x**2 - 4*x + 2. Let r be v(5). Let f be 3/(-2)*r/(-3). What is the highest common factor of g and f?
8
Let j = 78 + -75. Suppose j*l + 27 - 90 = 0. Calculate the greatest common factor of l and 49.
7
Let w be 112/42*9/(-2). Let b be 2043/54 + (-2)/w + 0. What is the greatest common divisor of b and 57?
19
Suppose 0 = -5*l - 22*o + 18*o + 1179, 3*o - 943 = -4*l. What is the highest common divisor of 47 and l?
47
Suppose -38 - 32 = 3*c + 4*y, 3*c + 2*y + 74 = 0. Let s = -111 - -156. Let u = c + s. Calculate the greatest common factor of u and 38.
19
Let o = -25 - -25. Suppose o = -4*i - 64 + 208. Suppose a = 4*m + 41 + 3, 5*a - 2*m - 130 = 0. Calculate the highest common factor of a and i.
12
Let h = 2 + 0. Suppose 0 + 12 = h*y. Let b be 5/(5/(-1))*(-15)/1. Calculate the highest common divisor of y and b.
3
Suppose 0 = -i + 5*i + 32. Let j = -4 - i. Let d = 48 - 28. What is the highest common factor of j and d?
4
Suppose 5*n - v = 179, 5*n + 0*v - 183 = 2*v. Let t be 10/25 - 8/20. Suppose 3*i + 2*i - n = t. What is the highest common factor of 14 and i?
7
Let x = -11 + 29. Let l(p) = 3*p**3 - 12*p**2 + 2*p + 4. Let q be l(4). What is the greatest common divisor of x and q?
6
Let q(k) = -2 + 1 + 4*k**3 - 3*k - 5*k**3 - 6*k**2. Let u be q(-6). What is the highest common divisor of u and 17?
17
Suppose -3*z = -59 - 28. What is the highest common divisor of z and 145?
29
Let l(c) = c**2 + 11*c + 24. Suppose -11*s + 68 = -15*s. Let v be l(s). Calculate the highest common divisor of 14 and v.
14
Suppose 3*f - 419 = -2*p, -14*p = -10*p + 5*f - 837. What is the highest common divisor of p and 26?
26
Let n = -4 + 7. Let a(d) = 5*d**3 + 2*d**2 - 7*d + 4. Let r be a(-5). Let v be 3 - r/18 - (-2)/9. Calculate the greatest common factor of n and v.
3
Suppose 0 = 11*p - 410 - 228. Suppose -x = x - p. Calculate the greatest common divisor of 261 and x.
29
Suppose -590 = -u + q - 36, 4*u = q + 2219. What is the highest common factor of u and 15?
15
Let d(x) = -10*x - 6. Let y be d(-3). Let p = 28 - y. Let u be 20/6*(-6)/(-5). Calculate the greatest common factor of p and u.
4
Suppose s - 23 = -19. Let i be (10/s - 2)/((-22)/(-176)). Calculate the highest common factor of i and 2.
2
Let u(j) = 4*j - 15. Suppose -i - 2 = -12. Let s be u(i). Calculate the highest common factor of 275 and s.
25
Let c = 531 - 489. What is the highest common divisor of 294 and c?
42
Let a = 63 - 64. Let s be 8*(-4)/((-8)/3). Let y = s - a. What is the highest common divisor of y and 52?
13
Let q be (-155875)/(-175) - (-6)/21. What is the highest common factor of q and 33?
33
Let o(n) = 2*n - 6. Let c be o(5). Suppose 26 = -3*x + 179. Suppose -3*p + 5*p - x = -3*b, -c*b - 3*p = -69. Calculate the highest common divisor of 10 and b.
5
Suppose -5*a + 6*a = 24. What is the highest common factor of a and 80?
8
Suppose 3*r = 7*r - 52. Let w(d) = d**2 - 4*d - 4. Let y be w(5). Calculate the highest common divisor of r and y.
1
Let s = -62 + 279. Calculate the greatest common divisor of s an